 of l?
7
Let l(x) = x**2 - 4*x - 8. Let v be l(8). Let u be 111/18 - (-4)/v*-1. What is the tens digit of (u/4)/(21/(-28)) - -60?
5
Let g(o) = -134*o + 55. Let a be g(5). Let i = a - -1235. What is the units digit of i?
0
Let k(i) be the third derivative of i**5/60 - i**4/4 - 8*i**3/3 - 4*i**2. Let y be k(-5). Let j = 57 - y. What is the units digit of j?
8
Suppose -5*g - 12 = c - 54, c - 4*g = 6. Let n(o) = 44*o + 292. What is the hundreds digit of n(c)?
2
Suppose -5*f - 20 = -5*a, 2*a + 3*f - 1 + 3 = 0. Suppose -a*w = 2*c + 6, c + 5*w = -0*c - 23. Suppose -237 = c*m - 5*m. What is the tens digit of m?
7
Suppose -y - 3*r = -0*r - 325, -3*y - 5*r + 979 = 0. Suppose 9*p - y = p. What is the tens digit of p?
4
Let r(m) = 6*m - 135. Let q be r(-30). Let i = -77 - q. What is the units digit of i?
8
Suppose -20*d - 6*d = 17*d - 302892. What is the thousands digit of d?
7
Let p(z) = -5*z**2 - 39. Let t(v) = 3*v**2 + 26. Let c(k) = 5*p(k) + 8*t(k). Let q be c(9). Let m = q - -163. What is the units digit of m?
5
Suppose 2*o = 5*o - 2*q + 5490, o = -q - 1835. Let a = -1005 - o. What is the hundreds digit of a?
8
Suppose 12030 = 3*b + i, 58*i - 59*i = -b + 4010. What is the thousands digit of b?
4
Suppose -3*w = 2*w - 75. Suppose 5*b - 2*b - 56 = -v, w = 3*v. Suppose b*d - 2241 = 8*d. What is the tens digit of d?
4
Suppose 7*p - 3*p - f = -317, 0 = 3*f - 15. Let n = 215 - p. What is the tens digit of n?
9
Let s = -22997 - -73874. What is the hundreds digit of s?
8
Suppose -y + 10*y + 10206 = 0. What is the hundreds digit of (-21)/(3 + y/371)?
3
Let l = 46 + -55. Let y(b) = b**3 + 9*b**2 + 10*b - 7. Let q be y(l). Let u = 142 + q. What is the tens digit of u?
4
What is the hundreds digit of 6032 - 0*(-4)/12 - (3 - 4)?
0
Let m = 1450 - 726. Suppose -4*x = 4*w - m, 3*w = -x - w + 196. What is the units digit of x?
6
Let b be (4412/9 - -1) + 34/(-153). Suppose h - b = -3*x - 2*x, -4*h + 3*x = -1987. Suppose j - h = -3*j. What is the hundreds digit of j?
1
Suppose 3*k - 9 = 0, k + 4236 = 3*o + 5*k. What is the thousands digit of o?
1
Let w(p) = 468*p - 1965. What is the units digit of w(34)?
7
Suppose -94*h - 460 = -114*h. Suppose -233 = -h*b + 1124. What is the units digit of b?
9
Suppose 0*s - 8*s = -2192. Suppose 5*u = -s + 1129. Suppose 601 = 5*c + u. What is the units digit of c?
6
Suppose 6*y - 3*y - u - 16 = 0, 3*y = 4*u + 19. Suppose y*r + r = 3306. What is the units digit of r?
1
Suppose -4*u - 22 = -3*b + 15, 0 = 3*b + 15. Let t(z) be the second derivative of -z**4/12 - 17*z**3/6 - 13*z**2/2 - 3*z + 20. What is the tens digit of t(u)?
3
Let p(s) = -s**3 + 46*s**2 - 293*s. What is the thousands digit of p(37)?
1
Let h(l) = 56*l - 284. Let t(p) = 11*p - 57. Let f(z) = -3*h(z) + 16*t(z). What is the hundreds digit of f(35)?
2
Suppose 65*c - 73*c + 103360 = 0. What is the ten thousands digit of c?
1
Let y = 445 + -440. Suppose -l = -y*w - 39, -3*l + 124 + 3 = -5*w. What is the units digit of l?
4
Let v = 36 - 34. Let k be (9/6)/(v + 39/(-24)). Suppose 2*c - 277 = i, 0 = -c - k*c - 5*i + 700. What is the units digit of c?
9
Suppose 15*m = 13*m + 122. Suppose -4*p + 2*b + 106 = 0, -b - m = -5*p + 73. What is the hundreds digit of (p + -3)*32/6?
1
Let k = -2177 + 2267. Let l be (-2*1)/(3 - 1). What is the tens digit of l + k + 9*1/3?
9
Let u(d) = -9*d + 12. Let q(m) = -28*m + 37. Let y(f) = -2*q(f) + 7*u(f). What is the tens digit of y(-13)?
0
Suppose -5*j - 2*u = -19, 3*j - 9 = -0*j - 2*u. Let c(i) = -i**2 + 2*i + 20. Let k be c(j). Suppose k*g - 4*g = 44. What is the tens digit of g?
4
Let r be 10/55 - (-392)/22. Suppose -2*z + 22 = r. What is the hundreds digit of (-3 - -2)*1*(-246)/z?
1
Let p = 17625 - 11642. What is the units digit of p?
3
Let p be (-5)/((-30)/(-12)) - (-191 + -1). What is the units digit of 5 + (p*3)/6?
0
What is the tens digit of -3 - -8 - ((-8)/(-44) - 786895/55)?
1
Suppose 154551 = 3*t + 3*v, -49217 = -5*t - v + 208392. What is the hundreds digit of t?
5
Let a = 7 + -3. Suppose -4*h + 73 = -3*h - 5*i, -5*h + 469 = i. Suppose -j + 5 = 0, -a*j = 4*x - 131 - h. What is the tens digit of x?
5
Let c be 33/(-88) - (-9)/24. Suppose -5*x + 5*z = -c*x - 3600, 3*x = 4*z + 2157. What is the hundreds digit of x?
7
Let k = 32742 + -19569. What is the tens digit of k?
7
Let d = 441 - 426. What is the thousands digit of (-310)/(-4)*(246/d - -2)?
1
Let p(t) = 22*t**2 + 6*t. Let b = -91 + 88. Let g be p(b). Suppose -g = 15*h - 20*h. What is the tens digit of h?
3
Let c = 9118 - 856. What is the tens digit of c?
6
Suppose 77*w = 64403 + 465203. What is the units digit of w?
8
Let m(z) = -z**3 - 24*z**2 - 45*z - 2. Let g be m(-22). Suppose 4039 = g*q + 619. What is the units digit of q?
1
Suppose 338*g - 6241485 = 58835. What is the tens digit of g?
4
Let f(q) = 7*q + 11 + 10 + 21 - 10. Let z be f(-9). Let c = 16 - z. What is the tens digit of c?
4
Let w(y) = 2411*y + 1812. What is the ten thousands digit of w(9)?
2
Let m = 39 - 36. Suppose -3*v - d + 2*d = -9, d = -m. Suppose 0 = 3*q + 6, -v*q - 43 = -l - 6*q. What is the tens digit of l?
5
Suppose x - 22 = -26. What is the hundreds digit of (4/1)/(2358/(-591) - x)?
3
Let d be (-1)/(-2) - 42/(-12). Suppose -2*f - d*u + 10 = -f, 3*f - u = 4. Suppose -f*h - 5*v + 3*v = -204, -v - 1 = 0. What is the hundreds digit of h?
1
Let g = 841 - 841. Suppose z + y - 356 = 583, -3*z + 2*y + 2822 = g. What is the hundreds digit of z?
9
Let u = 26 - 35. Let z(w) = w + 26. Let p be z(u). What is the units digit of 1 - -41 - (-15 + p)?
0
Let o be -1*6/(-15) + 372/(-30). Let k be o/(-18) - (78/9 - -1). Let c(y) = -y**3 - 6*y**2 + 8*y - 3. What is the hundreds digit of c(k)?
1
Let l = -6 - -9. Let z = 6 - l. What is the units digit of (z/2)/((-42)/(-2212))?
9
Suppose 0 = 5*z - 5, 2*y = z - 367 - 300. Let k = 974 - y. What is the units digit of k?
7
Let o(v) = 20*v**2 - 18*v + 82. Suppose 8*k - 3*k = 3*a + 8, 0 = 2*a + 2*k - 16. What is the units digit of o(a)?
0
Let v be 1 + 189/(-6) + (-2)/(-4). Let b be 6*1*(-130)/v. Let r = 106 - b. What is the tens digit of r?
8
What is the hundreds digit of (-58334)/(-5) - 41/(-205)?
6
Let l(f) = 71*f + 80. Suppose 43*p - 687 = 302. What is the tens digit of l(p)?
1
Let z be 17301/27 - (-44)/198. What is the tens digit of (-64)/64*z*-2?
8
Let g(d) = 11*d**2 + 21*d + 131. What is the tens digit of g(-19)?
0
What is the thousands digit of (20215/10)/(10/20)?
4
Let b = 16900 - 456. What is the thousands digit of b?
6
Suppose 0 = r - 2*t + 476, 3*r - 4*t + 1438 = -0*t. Let p = -201 - r. What is the units digit of p?
5
Let j(b) = -99*b**3 - 15*b**2 + 7*b + 105. What is the units digit of j(-5)?
0
Suppose 0*r = -2*p + 3*r + 1380, 0 = 3*p - r - 2084. Suppose 0*i - p = -2*i. Suppose -4*l - k = -i, -3*l - 2*l - 2*k = -432. What is the units digit of l?
8
What is the hundreds digit of 3*3058 + (14 - -4)?
1
Let m be (-4)/24*3*(0 + -8). Suppose -m*v - d = -12, v = 3*v - 4*d - 6. Suppose 0 = -2*r + v*o + 47, -102 = -5*r - 5*o + 3. What is the tens digit of r?
2
Let u(p) = -p**2 - 2*p + 15. Let i be u(-5). Suppose -20*o + 21*o = i. Suppose o = j + 4 - 10. What is the units digit of j?
6
Let b be 165*(0 + 30/9 + 0). Let d = 1052 - b. What is the tens digit of d?
0
Let r be (-10)/((0 - -5)/(-5)). Let j be (-4)/r - 9072/45. What is the units digit of ((-10)/10)/(1/j)?
2
Suppose 30*n = 33*n. Suppose -2*k + 13 = 2*b + 3*k, n = -5*b + 2*k + 18. Suppose b*r - 2*g - 146 = 0, -3*r + 8*r = -3*g + 188. What is the units digit of r?
7
Suppose 4*q - 17*q + 96899 = 24840. What is the tens digit of q?
4
Let y be 40/220 - (62/(-11))/2. Suppose -60 = y*j + 60. Let o = 101 + j. What is the units digit of o?
1
Suppose 5*i = 13*i - 2304. Suppose 6*h = i + 3468. What is the units digit of h?
6
Let t = 18066 - 5860. What is the ten thousands digit of t?
1
Let c be 16/3*(-36)/(-16). Suppose 12*r - 14*r = -c. What is the tens digit of r/(-2)*(3/(-1) + -4)?
2
Suppose 367 = -3*x - 338. Let j = -153 - x. Suppose -3*w = 2*h - 3*h - j, -86 = -3*w + 2*h. What is the tens digit of w?
2
Let n(b) = -31*b**3 - 13*b**2 + 29*b + 15. Let r be n(10). What is the tens digit of r/(-40) + 14/112?
0
Suppose -n - 1 = m, m = -m + 3*n - 2. What is the units digit of (1 - m)*(12 - -23)?
0
Suppose 287 = 4*d - 77. Suppose 94*a = d*a 